e units digit of u?
4
Suppose 0 = -10*c + 2*c + 472. What is the units digit of c?
9
Let t(h) = 2*h - 2. Let p be t(-6). Let r = p - -23. Suppose 4*n = n + r. What is the units digit of n?
3
Suppose -2*m + 70 = -32. What is the tens digit of m?
5
Let o = -46 - -76. What is the tens digit of o?
3
Suppose 0 = d + 5*h + 2 + 8, 2*h = -4. What is the tens digit of (d - -3)*(-39)/(-9)?
1
Let v(a) = -a**3 + 3*a**2 + 2*a - 4. Let k be v(3). Let g(b) = 10*b**2 - 2*b - 1. What is the units digit of g(k)?
5
Suppose 0 = -t + 5*j + 26, 0*j - 104 = -4*t + j. What is the units digit of t?
6
Let r be (3/6)/(3/30). Suppose 2*q - 58 = -4*p, -5*p = -4*p - r*q - 42. What is the tens digit of p?
1
Let b(a) = -a**2 - 7*a - 2. Suppose -c + 2*h - 4*h = -15, 5*c - 2*h - 75 = 0. Suppose 2*y = 5*y + c. What is the units digit of b(y)?
8
Let n be 1*(-2 + (-27)/(-3)). Let q(g) = g**3 - 8*g**2 + 8*g - 4. Let y be q(n). Suppose -42 = -0*i - y*i. What is the tens digit of i?
1
Let c(d) = -d - 2. Let u be c(-7). Let i = u + 5. What is the units digit of i?
0
Let r be ((-320)/6)/((-2)/9). Let k be ((-4)/10)/((-4)/r). Let o = 40 - k. What is the tens digit of o?
1
Let x(h) = h**3 + 5*h**2 + 3*h + 2. Let r be x(-4). Suppose -4*y = -2*g - r - 6, -2*g = 2*y + 6. What is the units digit of y?
1
Let c(s) = 3*s**2 + 2*s. Let j be c(-2). Suppose 0 = -2*v + j, -3*f + v - 21 = -2*f. Let q = f - -25. What is the units digit of q?
8
Let r = 187 - 134. What is the tens digit of r?
5
Let y(h) = h - 3. Let j be y(5). Suppose 5*s - 1 - 68 = 4*n, s = -j*n + 11. Suppose 3*c - s = 3*u + 11, 0 = -3*c - u + 16. What is the units digit of c?
6
What is the units digit of (-2)/6*(-699 - (1 - 1))?
3
Let h be ((-8)/6)/(1/(-3)). Let n = 42 + -41. Let z = n + h. What is the units digit of z?
5
Let y = 36 + -23. What is the tens digit of y?
1
Suppose 12 = 5*a - 28. Let o = 1 + -2. Let n = a - o. What is the units digit of n?
9
Let i(j) = -j + 4. Suppose 0*x - 5 = -x. Suppose 4*h - x*h = 0. What is the units digit of i(h)?
4
Suppose -5*x - 149 = -3*w + 38, -3*x = 2*w - 131. What is the units digit of w?
4
Let t(g) = g + 14. Let f be t(0). Suppose 18 = 4*v + 2*c - f, -4*v + 30 = c. What is the units digit of v?
7
Suppose 0 = -0*a - a + 40. What is the units digit of a?
0
What is the units digit of -1 - 1 - (-78 - -8)?
8
Suppose 0*g = -g. Suppose -6*s - 3*f + 6 = -3*s, 5*s + 3*f - 14 = g. Suppose -h + 7 = -2*o + s*o, 0 = -3*o - 5*h + 14. What is the units digit of o?
3
Let m = 236 + -140. What is the units digit of m?
6
Let y = -20 - -51. What is the tens digit of y?
3
Suppose -4*w + 4 = 5*o + 5, -4*w - 19 = -o. Let u(a) = a + 1. What is the units digit of u(o)?
4
Let q(p) = -3*p**3 + 0*p + 6*p**2 + 4*p**3 - 3*p. Let j be q(-4). Suppose -4*y = 8 - j. What is the units digit of y?
9
Suppose -3*w = 2*w + 5. Let q(j) be the second derivative of j**4/2 + j**2/2 - j. What is the units digit of q(w)?
7
Let t be 0*(2/4 - 0). Suppose -5*o - 3*i + 8*i = -65, 5*o + 5*i - 45 = t. What is the units digit of o?
1
Suppose -2*r - 4*a + 318 = 0, 0 = -4*r + 5*a - 0*a + 688. What is the hundreds digit of r?
1
Suppose -1 = -o + 3. Let w = -18 - -30. Let q = w + o. What is the units digit of q?
6
Let d = 19 - -10. What is the tens digit of d?
2
Let d(b) = 14*b - 1. Suppose -t + l + 4 = -0*l, 0 = 5*t - 2*l - 11. What is the tens digit of d(t)?
1
Let i(g) = g**3 + 7*g**2 - 9*g + 6. Suppose z = -z + 26. Let t = -21 + z. What is the units digit of i(t)?
4
Suppose -4*x = 2*q - 6*x + 118, 0 = -4*x. Let b = q - -85. What is the tens digit of b?
2
Suppose -1 + 7 = 2*y. Suppose 2*v - 66 = j, 0 = -5*v - j + y*j + 167. What is the tens digit of v?
3
Let i = 31 + 37. Suppose -11 = -k + n + n, -n + i = 3*k. Suppose f - 3*t = 23, k = f + f - t. What is the units digit of f?
8
Let x be 2/8 + 153/12. Suppose -x*j = -12*j - 21. What is the tens digit of j?
2
Suppose -4*o - n + 27 = 0, 0*n = 4*n - 12. Let q = 10 - o. Suppose 2*i + 4 = 3*r, 4*r - i = 4*i - q. What is the units digit of r?
4
Let y(j) = j**3 + 8*j**2 + 5*j - 8. Let a be -1*(0 + -1) - 1. Suppose a = -f + w - 3 - 1, 2*f + 26 = -4*w. What is the units digit of y(f)?
6
Let r(d) = d**2 + 5*d. Let l be r(-6). Let i = -1 - -2. Let w = l - i. What is the units digit of w?
5
Suppose 4*c - 8 = 0, -p = p - 5*c + 2. Suppose -3*v - 1 = -p. What is the units digit of v?
1
Suppose -3*a + 4*d + 24 = -0*a, -2*a + 2*d + 18 = 0. What is the units digit of a?
2
Let x = 13 + -9. Suppose x*n = 3*g + 15, 3 = -2*g + 1. Suppose n*l - 35 = -2*l. What is the units digit of l?
7
Suppose 13*k - 440 = 5*k. What is the tens digit of k?
5
Suppose -4*j = -5*j + 60. What is the tens digit of j?
6
Let p be (2 - 1)*(2 - -1). Suppose -x - 2*x + 2*m + 35 = 0, 5*m = x - p. What is the tens digit of x?
1
Let f be 1/(-2) - 51/(-6). Suppose -d + f = -u, -6 - 10 = -2*d + 3*u. Suppose -3*t + d*t = 55. What is the units digit of t?
1
Let f be (0 + -1)*9/(-3). What is the units digit of -1 + 28 - -2 - f?
6
Let f = -15 + 25. What is the tens digit of (-1 + 3 - -1) + f?
1
Suppose 18*d + 160 = 23*d. What is the tens digit of d?
3
Suppose 26 = m - 4. Let p = m - 18. What is the units digit of p?
2
Let x = -7 + 10. Suppose 0 = -x*t - 2*t + 125. Suppose -t - 7 = -4*i. What is the units digit of i?
8
Let y(t) = t - 7. Let i be y(9). Suppose 3*l - i*l = 3. What is the units digit of l?
3
Let n(a) = a - 4. Let l be n(6). Suppose l*y + 4*o - 24 = -0*y, 5*y = o + 5. Suppose 3*g = v + 11, -3*g + 33 = y*v + 2*g. What is the units digit of v?
4
Suppose -g = 2*n - 30, 5*n + g - 105 + 33 = 0. What is the units digit of n?
4
Let y(c) = -c**2 - 9*c - 6. Let k be y(-8). Let i be ((-4)/10)/(k/(-20)). Suppose i*a - 12 = a. What is the units digit of a?
4
What is the units digit of 1 + (-467)/(-15) + 14/(-105)?
2
Let n(y) be the first derivative of -3*y**2 + 2*y + 1. What is the tens digit of n(-2)?
1
Let g(f) = -2*f - 4*f**2 + f**2 + 4*f**2 + 1. Let k be (12/(-8))/((-2)/4). What is the units digit of g(k)?
4
Suppose -d = d - 8. Suppose 2 = 4*m + n - 8, 0 = -m - n + d. Suppose 5*a - 8 - m = 0. What is the units digit of a?
2
Let t(z) = -z**2 - 7*z - 3. Let j be t(-6). Suppose -9 = -4*w + j*w. What is the units digit of w?
9
Suppose g = 2*g - y - 2, g = -4*y - 8. Suppose g = -2*o - 5*q + 3, -3*q - 15 - 12 = -2*o. What is the units digit of o?
9
Let z(s) be the first derivative of -s**4/4 + s**3 + s**2 - 3*s + 2. What is the units digit of z(3)?
3
Suppose -5*b - 7 - 3 = 0. What is the units digit of (-6)/b + -6 + 5?
2
Let n(m) = 3 - 5*m + 2 + 6*m + 0*m. What is the units digit of n(5)?
0
Let j = -16 - -9. Let p = j + 16. What is the units digit of p?
9
Let g(m) = 56*m**3 - 2*m**2 + 3*m - 2. Let x be g(1). What is the units digit of (-4)/22 + 2540/x?
6
Let z(u) be the third derivative of 1/6*u**4 + 0*u + 1/6*u**3 + 0 - 2*u**2. What is the units digit of z(1)?
5
Let w(n) = 4*n**2 - 14*n + 1. What is the tens digit of w(-5)?
7
Suppose 0 = 2*r - 3*r + 60. What is the tens digit of r?
6
Let b(a) = -4*a**2 + 2*a - 1. Let i be b(1). Let f = 0 + i. What is the units digit of (1 + f)/(4/(-6))?
3
Let o(s) = -s**2 - 6*s - 11. Let n(a) = -2*a**2 - 11*a - 23. Let g(f) = 2*n(f) - 5*o(f). What is the units digit of g(-7)?
2
Suppose 3*y = 2*y + 22. What is the tens digit of y?
2
Let i(j) = -j - 4. Let c be i(-8). What is the units digit of 46/c - 4/(-8)?
2
Let j = 4 + 0. Suppose 22 = -5*f + 4*t - 3*t, j*f - t + 18 = 0. Let i = f - -7. What is the units digit of i?
3
Suppose 393 = 6*f - 3*f. What is the units digit of f?
1
Suppose 0 = c + 5*z - 48, 52 = 2*c - 3*z - 5. What is the units digit of c?
3
Let u(d) = d + 2. Let s be u(-3). What is the units digit of -2 + (s - (-3 + -1))?
1
Suppose -3*z + 428 = b, -b = b + 8. Suppose -3*x = x - z. Let t = -21 + x. What is the units digit of t?
5
Let f be 3/12 + (-43)/(-4). Let x(c) = 2*c - 3. What is the units digit of x(f)?
9
Suppose -2*v - v + 2*y - 11 = 0, v + 5*y = 2. Let s = -2 + v. Let u(i) = i**2 + 4*i + 4. What is the units digit of u(s)?
9
Let u(h) = h**3 - h**2 - h. Let t be u(-1). What is the tens digit of (-34)/(-2)*1 + t?
1
Let p = 9 + -3. Suppose -y = -3*d + p, -3*d + 2*d + 3*y - 6 = 0. Let m(f) = -f**3 + 5*f**2 - 4*f. What is the units digit of m(d)?
6
Let m(s) = s - 3. Let w be m(3). Suppose w = -0*l + 4